{"id":1963,"date":"2023-04-11T10:51:21","date_gmt":"2023-04-11T09:51:21","guid":{"rendered":"https:\/\/www.dpg-goettingen.de\/?page_id=1963"},"modified":"2023-04-11T10:51:22","modified_gmt":"2023-04-11T09:51:22","slug":"impressum","status":"publish","type":"page","link":"https:\/\/www.dpg-goettingen.de\/?page_id=1963","title":{"rendered":"Impressum"},"content":{"rendered":"\n<p>Dienstanbieter dieser Seiten ist:<\/p>\n\n\n\n<p><strong>Deutsch-Polnische Gesellschaft G\u00f6ttingen e.V.<\/strong><br \/><strong>Anschrift: <\/strong>Osterberg 16, 37120 Bovenden<br \/><strong>Telefon: <\/strong>0551-5471336<\/p>\n\n\n\n<p>Die Deutsch-Polnische Gesellschaft G\u00f6ttingen e.V. ist ein gemeinn\u00fctziger Verein.<br \/>Sie wird vertreten durch den Vorsitzenden Harm Adam.<\/p>\n\n\n\n<p>Inhaltlich Verantwortlicher gem\u00e4\u00df \u00a75 Telemediengesetz (TMG) ist.<\/p>\n\n\n\n<p><strong>Webmaster:<\/strong><\/p>\n\n\n\n<p>Melanie Homeier &amp; Klaudia Hanisch<\/p>\n\n\n\n<p>Bei dem Inhalt unserer Internetseiten handelt es sich um urheberrechtlich gesch\u00fctzte Werke. Wir gestatten die \u00dcbernahme von Texten in Datenbest\u00e4nde, die ausschlie\u00dflich f\u00fcr den privaten Gebrauch eines Nutzers bestimmt sind. Die \u00dcbernahme und Nutzung der Daten zu anderen Zwecken bedarf der schriftlichen Zustimmung.<\/p>\n\n\n\n<p><strong>Haftungshinweis:<\/strong><br \/>Im Rahmen unseres Dienstes werden auch Links zu Internetinhalten anderer Anbieter bereitgestellt. Auf den Inhalt dieser Seiten haben wir keinen Einfluss; f\u00fcr den Inhalt ist ausschlie\u00dflich der Betreiber der anderen Website verantwortlich. Trotz der \u00dcberpr\u00fcfung der Inhalte im gesetzlich gebotenen Rahmen m\u00fcssen wir daher jede Verantwortung f\u00fcr den Inhalt dieser Links bzw. der verlinkten Seite ablehnen.<\/p>\n","protected":false},"excerpt":{"rendered":"<p>Dienstanbieter dieser Seiten ist: Deutsch-Polnische Gesellschaft G\u00f6ttingen e.V.Anschrift: Osterberg 16, 37120 BovendenTelefon: 0551-5471336 Die Deutsch-Polnische Gesellschaft G\u00f6ttingen e.V. ist ein gemeinn\u00fctziger Verein.Sie wird vertreten durch&hellip;<\/p>\n","protected":false},"author":9,"featured_media":0,"parent":0,"menu_order":0,"comment_status":"closed","ping_status":"closed","template":"","meta":[],"_links":{"self":[{"href":"https:\/\/www.dpg-goettingen.de\/index.php?rest_route=\/wp\/v2\/pages\/1963"}],"collection":[{"href":"https:\/\/www.dpg-goettingen.de\/index.php?rest_route=\/wp\/v2\/pages"}],"about":[{"href":"https:\/\/www.dpg-goettingen.de\/index.php?rest_route=\/wp\/v2\/types\/page"}],"author":[{"embeddable":true,"href":"https:\/\/www.dpg-goettingen.de\/index.php?rest_route=\/wp\/v2\/users\/9"}],"replies":[{"embeddable":true,"href":"https:\/\/www.dpg-goettingen.de\/index.php?rest_route=%2Fwp%2Fv2%2Fcomments&post=1963"}],"version-history":[{"count":1,"href":"https:\/\/www.dpg-goettingen.de\/index.php?rest_route=\/wp\/v2\/pages\/1963\/revisions"}],"predecessor-version":[{"id":1964,"href":"https:\/\/www.dpg-goettingen.de\/index.php?rest_route=\/wp\/v2\/pages\/1963\/revisions\/1964"}],"wp:attachment":[{"href":"https:\/\/www.dpg-goettingen.de\/index.php?rest_route=%2Fwp%2Fv2%2Fmedia&parent=1963"}],"curies":[{"name":"wp","href":"https:\/\/api.w.org\/{rel}","templated":true}]}}

<p>Dienstanbieter dieser Seiten ist:</p>



<p><strong>Deutsch-Polnische Gesellschaft Göttingen e.V.</strong><br /><strong>Anschrift: </strong>Osterberg 16, 37120 Bovenden<br /><strong>Telefon: </strong>0551-5471336</p>



<p>Die Deutsch-Polnische Gesellschaft Göttingen e.V. ist ein gemeinnütziger Verein.<br />Sie wird vertreten durch den Vorsitzenden Harm Adam.</p>



<p>Inhaltlich Verantwortlicher gemäß §5 Telemediengesetz (TMG) ist.</p>



<p><strong>Webmaster:</strong></p>



<p>Melanie Homeier &amp; Klaudia Hanisch</p>



<p>Bei dem Inhalt unserer Internetseiten handelt es sich um urheberrechtlich geschützte Werke. Wir gestatten die Übernahme von Texten in Datenbestände, die ausschließlich für den privaten Gebrauch eines Nutzers bestimmt sind. Die Übernahme und Nutzung der Daten zu anderen Zwecken bedarf der schriftlichen Zustimmung.</p>



<p><strong>Haftungshinweis:</strong><br />Im Rahmen unseres Dienstes werden auch Links zu Internetinhalten anderer Anbieter bereitgestellt. Auf den Inhalt dieser Seiten haben wir keinen Einfluss; für den Inhalt ist ausschließlich der Betreiber der anderen Website verantwortlich. Trotz der Überprüfung der Inhalte im gesetzlich gebotenen Rahmen müssen wir daher jede Verantwortung für den Inhalt dieser Links bzw. der verlinkten Seite ablehnen.</p>

<p>Dienstanbieter dieser Seiten ist: Deutsch-Polnische Gesellschaft Göttingen e.V.Anschrift: Osterberg 16, 37120 BovendenTelefon: 0551-5471336 Die Deutsch-Polnische Gesellschaft Göttingen e.V. ist ein gemeinnütziger Verein.Sie wird vertreten durch&hellip;</p>
